re the prime factors of p?
2, 3
Let h(s) = s**2 - 4*s + 5. Let b be h(-5). Let p be b/(-4) + (-2)/4. Let y = 19 + p. List the prime factors of y.
2, 3
Let p = -34 + 52. What are the prime factors of (24/p)/((-1)/(-27))?
2, 3
Let u(f) = 22*f**2 + 7*f + 14. What are the prime factors of u(-4)?
2, 13
What are the prime factors of (-346)/(-8) - 3/12?
43
Suppose 5*d + 55 = 6*d. What are the prime factors of d?
5, 11
Suppose -1 = -j + 3. Suppose 0*x - 96 = -j*x. What are the prime factors of x?
2, 3
Let z be ((-12)/(-8) - 3)*-2. Suppose 54 = 3*a + z*t, 0 = -5*a + 5*t - 11 + 121. What are the prime factors of a?
2, 5
Let s(x) = x**3 + 7*x**2 - x + 6. What are the prime factors of s(-7)?
13
Suppose -a + 2*x + 3 = -5, -10 = -4*a - 3*x. Suppose a*y + 11 = 3*c, -15 = 2*c - 6*c + 5*y. Let n(d) = 2*d**2 - 8*d + 5. List the prime factors of n(c).
3, 5
Suppose -7*q + 6*q + 53 = 0. What are the prime factors of q?
53
Let u(r) = 6*r - 5. Let k(h) = -h + 1. Let m(w) = -10*k(w) - 2*u(w). List the prime factors of m(-7).
2, 7
Let h be ((-4)/(-8))/((-2)/(-12)). Suppose n = -h*n. Let a = n + 6. List the prime factors of a.
2, 3
Suppose -72 = -3*s + 276. Suppose 36 + 114 = 4*z - 5*g, 3*z - 2*g - s = 0. List the prime factors of z.
2, 5
Suppose -3*y + 6 = -3. Suppose 5*f + z = -1, -4*z - 2 = -5*f - 2*z. Suppose n = -k + y*n - 5, -k - n + 7 = f. What are the prime factors of k?
3
Let c be (-5)/(105/(-18))*-7. Let m = 14 + c. List the prime factors of m.
2
Let v(q) be the second derivative of q**4/12 - q**3/3 - 3*q**2/2 - 3*q. Let u be v(-2). Let f = u + 9. List the prime factors of f.
2, 7
Let o be 0/(4*1/4). Suppose 2*j - 19 - 15 = o. List the prime factors of j.
17
Let w(o) = o - 4 + 6 - 5. What are the prime factors of w(11)?
2
Suppose 4*l = 2*i - 0*i - 12, 0 = -4*l + 3*i - 16. List the prime factors of 4 + 1 - (-2)/l.
3
Suppose 2*r + 18 = -4*z, 5*r + 5*z + 0*z = -25. Let w be (-3)/r*60/9. Suppose 4*h - 36 = -o, -3*h - o + w = -h. List the prime factors of h.
2
Suppose 3*o + o - 52 = 0. List the prime factors of o.
13
Let d be 4/(-16) + 14/(-8). List the prime factors of (-5)/(-10) + (-23)/d.
2, 3
Let w(t) = t. Let l(s) = -s + 1. Let a(m) = 3*l(m) + 5*w(m). Let z(k) = -k**2 + 5*k - 3. Let j be z(2). List the prime factors of a(j).
3
What are the prime factors of ((-58)/(-6))/((-4)/(-12))?
29
Suppose -4*u = -t + 122, -u - 443 = -6*t + 2*t. Suppose 3*y - y = t. Suppose -4*v + y = v. List the prime factors of v.
11
Let p(n) be the second derivative of 2*n**3/3 + n**2/2 - n. What are the prime factors of p(2)?
3
Let d(x) = 6*x + 5. Let p(n) = 5*n + 6. Let f(z) = -2*d(z) + 3*p(z). What are the prime factors of f(3)?
17
Let c(s) = 10*s - 55. List the prime factors of c(24).
5, 37
Let t be ((-28)/10)/(3/15). Let u = 6 - t. List the prime factors of u.
2, 5
Let v(t) = -t + 3. Let g be v(3). Suppose -4*y + g = -16. What are the prime factors of y?
2
Suppose 0 = -2*j + 37 + 3. List the prime factors of j.
2, 5
Suppose -4*z + 8 = 3*j - 6*j, 5*j = -4*z + 40. Let k = j - -10. Let c = k - 8. List the prime factors of c.
2, 3
Let t = -45 + 105. Let n = 108 - t. List the prime factors of n.
2, 3
Let o = 9 + 9. Let n be (-2)/(-5) + o/5. Suppose 3*v + 11 = n*v. What are the prime factors of v?
11
Let j = -20 + 50. Suppose 0*v = -v + j. List the prime factors of v.
2, 3, 5
Let a = 47 - 31. What are the prime factors of (-8)/a - 31/(-2)?
3, 5
Let k be -2*(2 + 21/(-6)). Suppose -2*f - 17 = -77. Suppose 44 = 5*m + 4*p, -5*p - f = -k*m + 26. List the prime factors of m.
2, 3
Let l(y) = y**3 - 6*y**2 + 5*y + 5. Let z be l(5). Let r(t) be the third derivative of t**4/12 - t**3/2 - 4*t**2. List the prime factors of r(z).
7
Suppose -2*i + 53 = 5*u - 100, -5*u + 64 = i. List the prime factors of i.
89
Suppose 0 = 4*l - 20. Suppose -g = -0*t + t - 17, l*t = -g + 5. What are the prime factors of g?
2, 5
Suppose 3*l - 5*l + 24 = 0. Suppose -g + l = 2*p, 3*p + p - 48 = -4*g. List the prime factors of g.
2, 3
What are the prime factors of ((-21)/(-28))/(1/64)?
2, 3
Let z(d) = -d + 8. Let s be z(6). Suppose s*a = 3*a + 2*f - 10, 0 = -3*a - 4*f + 30. Let y = a + -2. List the prime factors of y.
2
Let l = 0 - 3. Let w(x) = x**2 - x - 1. What are the prime factors of w(l)?
11
Let d = 91 - -80. What are the prime factors of d?
3, 19
What are the prime factors of (-2)/(-3)*9/2?
3
Let h = 322 - 216. What are the prime factors of h?
2, 53
Suppose -35 + 21 = 2*q. Let j be -4 + (0 - -2 - 3). Let b = j - q. What are the prime factors of b?
2
Let n(a) = 78*a - 2. List the prime factors of n(2).
2, 7, 11
Suppose 3*v = -13 - 8. Let p(m) = -m**2 - 9*m - 6. List the prime factors of p(v).
2
Let p = 25 - 15. Let r be ((-12)/20)/((-2)/p). Suppose -r*f - g + 4 = -2*g, -4*g + 20 = 0. List the prime factors of f.
3
Let w(p) = -p**3 + 6*p**2 - p - 6. Let a be w(5). What are the prime factors of 2648/56 + (-4)/a?
47
Suppose 7 + 8 = m. Suppose -4 = -q + 1. Suppose m = s + q. List the prime factors of s.
2, 5
Suppose 4*k - 169 = -0*k + 5*r, 0 = -2*k - 3*r + 79. What are the prime factors of k?
41
Let y(h) be the third derivative of h**4/8 - h**3/2 + h**2. Let l be y(2). Let r = l + 1. What are the prime factors of r?
2
Suppose 0*u - 200 = -4*u + 2*a, 0 = 3*a - 6. List the prime factors of u.
3, 17
Suppose 107 + 29 = 4*v. What are the prime factors of v?
2, 17
Suppose 0 = -3*z - s + 10, 5*s + 17 = -2*z + 41. Suppose -2*y + 4*y = z*r, -4*y = -r + 6. Let j = r - -14. List the prime factors of j.
2, 3
Let a(h) = -2*h**2 - 2*h - 1. Let x(d) = d**3 - 4*d**2 - d + 3. Let c be x(4). Let w be a(c). What are the prime factors of (w + (-2)/6)*-6?
2
Let p = 6 + -3. What are the prime factors of -1*(-1)/p*57?
19
Suppose 0 = 4*x - h - 4, x + 2*h = -4*x - 8. Suppose -4*k - k + 10 = x. Suppose -4*z + 23 = z - k*j, -3*z + 2*j = -17. What are the prime factors of z?
3
Suppose 0 = -5*v - 25, -40 = -4*x - v + 55. Suppose -5*s = -2*t - 3*t - x, 4*s - 2*t - 16 = 0. List the prime factors of s.
3
Suppose q = -3*q + 12. Suppose -q*y = 2*t - 61, y + 3*y + 132 = 4*t. List the prime factors of t.
2
Suppose -3*x + 7 = -q, -q = 4*q + 3*x - 37. Let m(f) = 4*f - 7. List the prime factors of m(q).
13
Suppose -3*z + 10 = 1. Let c(a) = -a - 2. Let b be c(-5). Suppose -4*s - b*l = -58, -2*l - 40 = -z*s - 6*l. What are the prime factors of s?
2
Suppose -6*u + u + 110 = 0. List the prime factors of u.
2, 11
Let s(o) = o**3 + 18*o**2 + 7*o - 12. What are the prime factors of s(-17)?
2, 79
Let r(f) be the second derivative of 0 + 2/3*f**3 + 3*f - 3*f**2. List the prime factors of r(7).
2, 11
Let b be (-5)/2*(0 - -2). What are the prime factors of 4/(-2) - (-10 - b)?
3
Let v(r) = -r**3 + 6*r**2 + 11*r - 7. Let o be 1 + 8 + (-12)/6. What are the prime factors of v(o)?
3, 7
Let b be (-20)/(-6)*54/(-15). Let z(k) = -k**3 - 3*k**2 + 8*k + 7. Let r be z(-5). Let v = b + r. List the prime factors of v.
5
Suppose -1 = -3*f + 2, -a - 917 = 3*f. What are the prime factors of a/(-35) + 4/(-14)?
2, 13
Let f = -10 + 14. Suppose 0 = -f*g - 0*g. Suppose u + 3*u = -5*c + 82, g = c + 2*u - 14. What are the prime factors of c?
2, 3
Suppose -x = 4*x - 30. Suppose x - 24 = -3*l. What are the prime factors of l?
2, 3
Let f = 4 + -1. Suppose 3*j + 4*c = c + 72, 3*c = f. What are the prime factors of j?
23
Let i = 0 - 0. Let j be (-87)/(-3) - (-1 - i). Suppose 4*u + u - j = 0. What are the prime factors of u?
2, 3
Suppose 25 = 5*l, 8*l - 3*l - 29 = -2*m. What are the prime factors of 1/(-2)*(-32 - m)?
17
Suppose -3*w = 4*g - 110, 0*g + 192 = 5*w - 2*g. Suppose 0*u + w = u. List the prime factors of u.
2, 19
Let j(l) = -l**2 - 7*l + 10. Let x be j(-8). Suppose -b + x*b = 0. Suppose n - 8 + 3 = b. List the prime factors of n.
5
Suppose 2*r - 14 = -0*r - a, 5*a = r + 4. Let h be (4 + -1)/r*-48. What are the prime factors of 20/(-6)*h/5?
2
Let m be 1/(-4) - 17/(-4). Let h = 7 - m. What are the prime factors of h?
3
Let t = 7 + -12. Let s = 8 - t. What are the prime factors of s?
13
Let m(l) = l**3 - 9*l**2 + 12*l + 22. List the prime factors of m(9).
2, 5, 13
Suppose 221 - 26 = 5*n - 2*z, 0 = -4*z. List the prime factors of n.
3, 13
Let x be 94/18 - 4/18. Suppose 2*b = 3*b + v - 29, 2*b = -v + 59. Suppose x*a - b = -4*p, 2*p + p = 0. List the prime factors of a.
2, 3
Let j = -55 + 